 = 3*r**3 + 1582*r**2 + 12484*r + 4. Give g(-8).
-156
Let y(k) = -10*k**2 + 3805*k + 33065. Calculate y(389).
0
Let v(a) = 13*a**2 - 308*a - 4511. Determine v(34).
45
Let q(t) = t**3 + 708*t**2 + 32900*t + 66. Determine q(-658).
66
Let g(a) = 8731*a + 26191. Calculate g(-3).
-2
Let s(o) = o**3 + 54*o**2 + 722*o - 7. Determine s(-28).
161
Let n(u) = -2*u**2 - 491*u - 29982. Give n(-134).
-100
Let t(p) = 208*p + 17080. Determine t(-81).
232
Let u(v) = 4513*v - 2721346. What is u(603)?
-7
Let l(o) = -o**3 - 491*o**2 - 2885*o + 12123. Calculate l(-485).
-2
Let n(j) = 24*j**2 + 9844*j + 29545. Determine n(-3).
229
Let u(p) = p**2 - 1784*p + 528387. Calculate u(1409).
12
Let a(p) = 6787*p + 373331. Give a(-55).
46
Let d(y) = -412*y + 81696. Calculate d(198).
120
Let g(z) = -150*z**3 + 339*z**2 - 352*z + 12. Determine g(1).
-151
Let u(q) = -237*q**2 + 1850*q + 387. Determine u(8).
19
Let z(f) = -3*f**2 - 83231*f + 666048. Determine z(8).
8
Let b(d) = -11*d**3 - 2*d**2 - 9*d + 87. Determine b(4).
-685
Let s(j) = 30*j - 2738. Calculate s(87).
-128
Let p(v) = -v**3 + 9*v**2 + 111*v - 148. What is p(16)?
-164
Let z(t) = 2*t**2 + 240*t + 4748. Determine z(-25).
-2
Let c(z) = -2110*z - 221547. Determine c(-105).
3
Let v(m) = 86*m**2 - 3841*m - 1300. Calculate v(45).
5
Let p(x) = -x**2 + 115*x - 867. Give p(89).
1447
Let h(v) = 4*v**3 - 212*v**2 + 604*v - 165. Calculate h(50).
35
Let z(v) = -16*v**3 + 49*v**2 + 47*v - 154. Calculate z(3).
-4
Let v(s) = 90*s**2 + 7291*s + 10. What is v(-81)?
-71
Let p(f) = 32180*f + 482842. Determine p(-15).
142
Let w(n) = -3605*n + 126120. Calculate w(35).
-55
Let t(l) = -1568*l - 64306. What is t(-41)?
-18
Let x(u) = -2*u**2 - 14690*u - 3121189. Calculate x(-219).
-1
Let f(l) = 2*l**2 + 11218*l + 123254. Determine f(-11).
98
Let g(m) = -m**3 + 225*m**2 - 19*m - 46949. Determine g(224).
-1029
Let x(j) = -j**2 - 7*j + 273. Calculate x(-25).
-177
Let s(h) = -3*h**3 - 828*h**2 - 8*h + 395. Give s(-276).
2603
Let l(t) = -9*t**2 + 346*t - 4682. Determine l(15).
-1517
Let s(g) = -16812*g - 16363. Calculate s(-1).
449
Let n(k) = -7*k**3 - 1666*k**2 + 5*k + 544. Calculate n(-238).
-646
Let v(z) = -151031*z - 2265476. Give v(-15).
-11
Let h(y) = -22*y**2 + 3393*y + 16954. Give h(-5).
-561
Let l(j) = 22*j**2 + 1384*j + 308. Calculate l(-62).
-932
Let m(b) = 424*b**3 - 47*b**2 + 7*b + 27. Give m(-2).
-3567
Let w(z) = -24*z**2 + 933*z + 528. What is w(40)?
-552
Let b(g) = -g**2 + 8884*g + 258398. Calculate b(-29).
-79
Let k(g) = -7778*g - 435560. What is k(-56)?
8
Let c(r) = 10405*r - 1102908. What is c(106)?
22
Let k(r) = -92*r**2 + 760*r + 7401. Determine k(14).
9
Let a(h) = -41*h**2 + 21*h + 81. What is a(-5)?
-1049
Let a(q) = 267065*q + 3204625. Calculate a(-12).
-155
Let v(q) = 807*q - 116202. Calculate v(144).
6
Let j(x) = -289*x**2 + 1214*x - 240. What is j(4)?
-8
Let h(i) = -12*i**2 - 209*i + 124. Determine h(0).
124
Let a(w) = -3*w**2 + 439*w + 8320. Calculate a(-17).
-10
Let k(y) = 12703*y - 165133. Give k(13).
6
Let m(z) = 3*z**3 + 19*z**2 - 272*z + 82. What is m(-17)?
-4542
Let f(c) = c**3 - 12*c**2 - 5420*c + 43633. What is f(8)?
17
Let y(q) = 5640*q - 1748382. Calculate y(310).
18
Let w(n) = 9310*n + 316324. Give w(-34).
-216
Let t(c) = 2*c**2 - 2592*c + 33659. What is t(13)?
301
Let q(i) = -18637*i + 2944647. What is q(158)?
1
Let d(h) = 168*h**2 + 1984*h + 5852. What is d(-6)?
-4
Let p(j) = 1373*j - 103610. Give p(76).
738
Let n(b) = -b**3 + 547*b**2 + 4431*b - 107. What is n(-8)?
-35
Let a(v) = -2*v**3 - 41*v**2 - 154*v + 16. Calculate a(-5).
11
Let j(v) = 122*v**3 + 115*v**2 - 1843*v - 1844. What is j(-1)?
-8
Let f(m) = -m**3 + 33*m**2 - 110*m + 1429. Determine f(31).
-59
Let c(n) = -448*n - 40998. Give c(-93).
666
Let w(b) = 9576*b - 67034. Calculate w(7).
-2
Let g(r) = 6*r**2 + 20183*r - 304104. Give g(15).
-9
Let r(x) = -99*x**3 - 189383*x**2 + 7652*x - 4. Calculate r(-1913).
-4
Let l(n) = 3*n**3 + 156*n**2 - 202*n - 10487. Give l(-52).
17
Let q(v) = 187*v + 9884. What is q(-54)?
-214
Let p(o) = 456*o**3 - 10*o**2 + 8*o - 10. Calculate p(2).
3614
Let w(j) = -j**2 + 15*j - 15. Calculate w(13).
11
Let o(m) = -238*m**2 + 8*m - 63. What is o(0)?
-63
Let i(x) = 22236*x + 333533. Calculate i(-15).
-7
Let a(b) = -2*b**3 - 48*b**2 - 202*b + 956. Calculate a(-15).
-64
Let f(i) = -1312*i + 2438. Give f(2).
-186
Let z(h) = -h**2 - 344510*h + 2411622. What is z(7)?
3
Let b(o) = 19*o**2 - 2479*o - 19761. Calculate b(138).
-27
Let q(s) = -5*s**3 + 1383*s**2 - 14098*s - 4. What is q(266)?
-4
Let q(z) = 7*z**2 + 60*z + 144. Give q(-5).
19
Let w(c) = 5*c**3 + 23*c**2 - 3832*c - 19121. Calculate w(-5).
-11
Let r(z) = -143*z**3 - 16014*z**2 + 221*z - 330. What is r(-112)?
6
Let l(z) = 27303*z - 300336. Determine l(11).
-3
Let j(q) = 2*q**3 - 87*q**2 + 614*q + 121. Calculate j(34).
-967
Let u(h) = 35*h - 1305. Determine u(-22).
-2075
Let b(h) = h**2 - 231*h - 21061. Determine b(-76).
2271
Let h(y) = -y**3 + 50*y**2 + 1226*y + 14. What is h(-18)?
-22
Let o(b) = -11366*b - 22767. Calculate o(-2).
-35
Let v(i) = i**3 - 43*i**2 + 489*i - 1067. Determine v(16).
-155
Let f(q) = -5*q**2 + 929*q - 1742. Determine f(184).
-86
Let g(s) = s**3 + 27*s**2 - 714*s - 18943. Determine g(-29).
81
Let d(u) = -2828*u + 13967. Determine d(5).
-173
Let g(t) = 14*t**3 + 41*t**2 - 400*t - 7. Determine g(-7).
0
Let h(i) = 6*i**2 + 5830*i + 1088134. Determine h(-252).
-2
Let j(t) = -43*t**2 + 2670*t - 14473. What is j(6)?
-1
Let y(v) = 6*v**2 + 1129*v + 189. Give y(-188).
1
Let r(p) = 22*p**3 - 63*p**2 + 232*p - 708. What is r(3)?
15
Let c(w) = -w**2 + 2862*w - 1294298. Determine c(563).
39
Let w(t) = -11*t + 396. Determine w(46).
-110
Let z(u) = -211*u - 415. What is z(-7)?
1062
Let s(w) = w**2 - 112*w + 2222. What is s(24)?
110
Let d(i) = i**3 + 59*i**2 + 779*i - 2459. Determine d(-34).
-45
Let g(b) = -161*b**2 - 348*b - 207. What is g(-1)?
-20
Let h(m) = 143*m**3 + 854*m**2 - 12*m - 14. Calculate h(-6).
-86
Let q(k) = 10411*k + 124798. Determine q(-12).
-134
Let b(w) = 206926*w + 1241553. What is b(-6)?
-3
Let q(v) = -v**3 - 58*v**2 + 1652*v - 940. Determine q(-79).
-387
Let x(u) = 51*u**2 - 1937*u + 16. Determine x(38).
54
Let a(r) = 268*r - 81464. Determine a(304).
8
Let v(w) = w**3 - 899*w**2 + 4073*w + 354922. Give v(894).
4
Let v(p) = -11987*p - 3248480. Give v(-271).
-3
Let g(j) = 28792*j + 57539. Determine g(-2).
-45
Let a(m) = 2*m**2 - 16765*m + 267728. What is a(16)?
0
Let k(c) = 2296*c**2 + 16073*c + 9. Give k(-7).
2
Let f(n) = 8689*n**2 + 34710*n - 191. Determine f(-4).
-7
Let v(x) = 10*x**2 - 284*x + 2137. What is v(7)?
639
Let c(g) = g**2 + 10091*g - 80778. Determine c(8).
14
Let v(d) = -d**3 + 66*d**2 + 223*d - 56. Give v(69).
1048
Let o(u) = -34*u**2 - 185*u + 38. What is o(-10)?
-1512
Let c(m) = m**3 - m**2 + 23*m - 173. Calculate c(11).
1290
Let v(l) = l**2 - 1547*l + 163314. Determine v(114).
-48
Let z(u) = 38*u**3 + 8*u**2 - 59*u + 118. Give z(2).
336
Let r(w) = 290872*w + 290863. Determine r(-1).
-9
Let d(k) = 2*k**3 - 323*k**2 - 8695*k + 585. Determine d(185).
585
Let k(l) = 5*l**2 - 66*l - 1196. What is k(18)?
-764
Let j(b) = -40*b + 2120. Calculate j(76).
-920
Let c(v) = -809488*v + 11332823. What is c(14)?
-9
Let g(a) = -328*a - 4126. Give g(-14).
466
Let p(h) = h**3 + 182*h**2 - 1538*h - 3424. Give p(-190).
-4
Let t(m) = 6*m**3 - 58*m**2 + 63*m - 213. What is t(9)?
30
Let q(s) = 20*s**3 + 1603*s**2 + 246*s + 482. Calculate q(-80).
2
Let j(s) = 29*s**2 + 7796*s - 17044. What is j(-271)?
29
Let m(r) = -r**3 + 112*r**2 + 524*r - 58642. Determine m(112).
46
Let t(a) = -77*a**2 - 493*a - 804. What is t(-3)?
-18
Let q(b) = -b**3 + 12*b**2 + 37*b - 382. Give q(15).
-502
Let z(b) = b**3 + 563*b**2 + 930*b - 107711. Determine z(-561).
1
Let m(a) = -a**2 + 2460*a + 19497. What is m(-8)?
-247
Let y(r) = r**2 - 266*r + 13243. Give y(199).
-90
Let p(o) = 13*o**3 - 1229*o**2 + 3037*o - 94. Determine p(92).
-2
Let w(x) = -1307*x**2 + 19588*x + 252. What is w(15)?
-3
Let n(u) = u**3 + 1442*u**2 + 152601*u - 467. What is n(-115)?
-7
Let x(p) = p**2 + 133*p + 2820. Give x(-94).
-846
Let w(k) = 76*k**3 + 9502*k**2 + 231*k - 2383. Calculate w(-125).
-8
Let j(i) = -5*i**2 + 5372*i - 21469. Determine j(4).
-61
Let b(j) = 2*j**2 + 116*j + 875. Give 